ors of n(-3).
31
Suppose 3*h - 4 = 5*g, 4*h - 10 = 6*g - 4*g. Suppose 65 = 4*v - h*v. List the prime factors of v.
5, 13
Let k(a) = 18*a**2 - 7*a - 9. Let j be k(-3). Suppose 11*n = 8*n + j. What are the prime factors of n?
2, 29
Suppose 312 = 15*a - 18. List the prime factors of a.
2, 11
Suppose -j - 3*c = -208 + 45, -3*j = 5*c - 493. What are the prime factors of j?
2, 83
Suppose 0*u - 2*u = 2*m - 84, 4*u - 92 = -2*m. Let o = m - 13. What are the prime factors of o?
5
Suppose 24 = 4*q - 4*w, q - 4 = -5*w + 4*w. Let p(x) = x + 0*x - 3*x + x**2 - 6. List the prime factors of p(q).
3
Let x(q) = q**2 - 10*q + 19. Let c be x(8). Suppose -652 = -c*t - 5*v, 403 = 2*t + v - 27. What are the prime factors of t?
2, 107
Let m be ((-3)/(-6))/((-3)/(-6)). Suppose 2*t + m = -11. Let o = t - -11. List the prime factors of o.
5
List the prime factors of 9/(-6)*8500/(-6).
5, 17
Suppose 0 = 6*v - 0*v - 156. Suppose v*q = 14*q + 1572. What are the prime factors of q?
131
Let g = -34 + 72. Let j = 92 - g. Suppose 3*b - j = 18. List the prime factors of b.
2, 3
Suppose -3*w - w = -12. Suppose -113 = w*r - 602. List the prime factors of r.
163
Let v(l) = 2*l - 9. Let t be v(6). Let c be 2 + (3 - (5 - t)). Suppose -78 = -c*f - 3*r, -5*r - 2 = -f - 0*r. What are the prime factors of f?
2, 11
Let x(q) = -29*q - 7. Let i be x(-5). Let a = 199 - i. List the prime factors of a.
61
Suppose -6*m = -11*m + 15. Let q = 0 + m. List the prime factors of -3 + q + 12 - 1.
11
Let u(v) = 112*v - 135. What are the prime factors of u(10)?
5, 197
Let u = -1139 - -3153. List the prime factors of u.
2, 19, 53
Let c be 33 - (4 + -1 + 0). Let l = c - 25. Suppose 4*j + 31 = l*j. What are the prime factors of j?
31
Suppose 2*u + 0*x = -x + 3, x + 6 = u. Suppose -3*k = -9, 384 = f + u*k + 123. List the prime factors of f.
2, 3, 7
Let s(w) = -w**3 - 23*w**2 + 15*w + 206. List the prime factors of s(-26).
2, 461
Let t be ((-2)/1)/(-2 + (-8)/(-6)). Suppose t*l + 727 = 5*m, l = 2*l - 1. List the prime factors of m.
2, 73
Suppose 0 = -6*d - 1 - 29. Let k(p) = 5*p - p**2 - 6*p - p**3 + 3*p - 12. List the prime factors of k(d).
2, 3, 13
Suppose -2*q + 6 = -q. Suppose 2*m - 4*r = -2, 0 = -4*m + q*r - r - 1. Suppose k - 3 = m. What are the prime factors of k?
2
Let u be 1310/18 - (33/(-27) + 1). Suppose -u = 2*x - 5*x - 4*i, -5*x + 160 = -i. What are the prime factors of x?
31
List the prime factors of -3 - (-6 - (910 + 4)).
7, 131
Let g(s) = 3*s - 7. Let b = 23 - 20. Let w be g(b). Suppose 0*y + 64 = w*y. What are the prime factors of y?
2
Let y(z) = -z**3 - 8*z**2 + 2*z + 10. Let b be y(-8). Let a = b + 18. Let d = a + 3. What are the prime factors of d?
3, 5
Let u be 1*(-2 + 2) + -9. Let f(b) = -2*b**2 + 7*b + 6. Let n(g) = -g**2 + 8*g + 8. Let o(i) = -2*f(i) + 3*n(i). What are the prime factors of o(u)?
3
Suppose 2*u - 784 = -232. List the prime factors of u.
2, 3, 23
Suppose -1746 = -8*h + 670. What are the prime factors of h?
2, 151
Suppose -3*v - 1 = m - 5, 2 = 4*m - 2*v. List the prime factors of m/(246/243 + -1).
3
What are the prime factors of 1/11 - 237544/(-253)?
3, 313
Suppose -6 + 2 = -z. Let h be 16 - 4*z/16. Suppose -2*a = l - h, -l + 2*a + 11 + 20 = 0. What are the prime factors of l?
23
Let b(l) = -124*l**3 + 1. Let h be b(-1). Let i = 43 - h. Let q = -46 - i. List the prime factors of q.
2, 3
Let s be 52/10 + 3/(-15). Suppose 0 = o - 0*o - s. List the prime factors of 208/o - 20/(-50).
2, 3, 7
Let r(b) = -b - 50. Suppose -5*m + 2*u = 4 - 14, -4*m = -5*u - 25. Let d be r(m). Let h = d + 90. List the prime factors of h.
2, 5
Suppose 4*c - 626 = -q, 2*c = -4*q + 2786 - 338. Suppose 4*f + s + 0*s = 501, -5*f + q = -2*s. List the prime factors of f.
2, 31
Suppose 376*f - 384*f = -1376. List the prime factors of f.
2, 43
Suppose 0 = -7*h + 8*h - 123. List the prime factors of h.
3, 41
Let f = 94 - 89. List the prime factors of (f - 3)*73 - -2.
2, 37
Let c = 2002 + 1256. List the prime factors of c.
2, 3, 181
Let p(c) = 3*c**3 + 2*c**2 + 9*c - 82. What are the prime factors of p(7)?
2, 277
Let u be (0 + 3 - 3)/4. Suppose -5*c + u*c + 138 = -3*g, 2*c + 2*g = 52. List the prime factors of c.
3
Let t = 50 + 684. What are the prime factors of t?
2, 367
Let w = 10 + -5. Let u be 76 - 0*1/(-3). List the prime factors of (u/20)/(1/w).
19
Let l(d) = d**2 + d - 1. Let t be l(4). Suppose -t = -3*j + x, -2*j - 9 = -3*j - x. Suppose -4*f = -j*f + 180. What are the prime factors of f?
2, 3, 5
List the prime factors of (-204)/(-136)*5/((-30)/(-13652)).
3413
Let i(b) = 0*b**2 + 0*b**2 + b**2 - 3*b + 34 + b. What are the prime factors of i(0)?
2, 17
Let v = -35 + 33. Let s be (-2 - 2 - v) + -76. Let w = s + 146. List the prime factors of w.
2, 17
Suppose -d - 4*w = -3*w, 5*d = w - 18. Let q(h) be the first derivative of 2*h**3/3 + h**2/2 - h - 80. What are the prime factors of q(d)?
2, 7
Let z(o) = 8*o - 7. Let s be z(3). Let d = s + -12. Suppose -5*r = -3*n - 0*n + 138, -4*r = d*n - 193. What are the prime factors of n?
41
Let p be ((0 - 0) + 1)*12. Suppose -5*l - p = 13. What are the prime factors of ((-7)/(-4))/(l/(-20))?
7
Let k be 42/10 - 9/45. Let n = k - -2. Suppose s = -n + 33. List the prime factors of s.
3
Suppose 0 = -5*g + 5, 2*g - 1 = b - 44. What are the prime factors of b?
3, 5
Let j(r) = 600*r**2 + 13*r - 22. List the prime factors of j(2).
2, 601
Suppose -s - 3*t = 30 + 36, -5*t - 210 = 3*s. Let f = 66 - s. What are the prime factors of f?
3, 47
Suppose -19*h + 12*h - 343 = 0. Let t(b) = b**3 - 3*b**2 + 4*b + 6. Let o be t(5). Let a = o + h. What are the prime factors of a?
3
Let w = 162 - -114. What are the prime factors of w?
2, 3, 23
Let b = -309 - -2452. What are the prime factors of b?
2143
Let v be 21/(-12)*4/(-1). Let g be 63/v*(-2)/(-3). Suppose -3*j + 4 = -t, 3*t = -0*t + g. What are the prime factors of j?
2
Let a(b) be the second derivative of -b**3/3 - 7*b**2/2 + b. Suppose 0 = -4*f - 12 - 20. What are the prime factors of a(f)?
3
Suppose -2*c + 30 = 26. Let r(w) = w**3 - 2*w**2 + 2*w - 2. Let k be r(c). Suppose 0 = -3*t + 2*b + k*b + 122, 5*t + b = 165. List the prime factors of t.
2, 17
Suppose -3*m = 2*v - 283, 3*v = 3*m - 181 - 107. Suppose 349 + m = 4*a. List the prime factors of a.
3, 37
Let q be 93/((-12)/(-16)*2). List the prime factors of q + (0 - 3/1).
59
Let l be -17 - (0 + (-8)/(-4)). Let v = l - -23. Suppose 0 = v*w - 8*w + 100. List the prime factors of w.
5
Let y = 14 - 13. Let r be (-3)/(y*1/(-1)). Suppose 23 = r*h + 2*d + 3, 2*h = 4*d + 40. List the prime factors of h.
2, 5
Suppose -25*m = -15*m - 5030. List the prime factors of m.
503
List the prime factors of (-25)/10*2 + 2643 + -8.
2, 5, 263
Suppose -2*z = d - 4 + 1, 2*d - 8 = -2*z. Suppose 0 = 4*r - 5*g + 95, 2*r - 3*r - 5 = -d*g. List the prime factors of r*4/(-6) - -1.
3, 7
Let t be 74/9 + (-2)/9. Let y be 0/1*(-4)/t. Suppose y = -r - 11 + 43. What are the prime factors of r?
2
Let c = -78 + 78. Suppose o + 106 + 251 = 4*g, -4*g - 5*o + 351 = c. List the prime factors of g.
89
Let x be 3/(18/4) + 232/(-24). Suppose 0 = -o - 1. List the prime factors of o/1 + (49 - x).
3, 19
Suppose 2*p + 3*m - 698 = 0, 3*p - 42*m + 37*m - 1066 = 0. What are the prime factors of p?
2, 11
Let d(l) = 4*l + 51. Let z be d(-12). Suppose -236 = 5*y + 2*a - 917, 403 = z*y + 4*a. List the prime factors of y.
137
Let t(c) be the third derivative of 0 + 0*c**3 + 1/24*c**4 - c**2 + 0*c + 2/5*c**5. What are the prime factors of t(-1)?
23
Let u(x) = -x**3 + 6*x**2 + 4*x. Let z(a) = -a**2 + 14*a - 7. Let w(k) = k**3 + 9*k**2 - k + 4. Let b be w(-9). Let t be z(b). List the prime factors of u(t).
2, 3
Suppose -22 = -5*y + 28. Let u be (-12)/y*(-220)/6. Suppose 0 = 2*n + 3*z - u, 2*n + 83 = 5*n - 4*z. List the prime factors of n.
5
Suppose 2 = -6*t + 14. Suppose b = -t*g - 9, -5*b - 2*g - 21 = -0*g. Let w(f) = -f**3 - 3*f - 2. What are the prime factors of w(b)?
2, 17
Suppose -18565 = -16*s - 2821. List the prime factors of s.
2, 3, 41
Suppose 0 = -46*u + 10*u + 1044. List the prime factors of u.
29
Let n be 1/((-22)/24 - -1). Let t(c) = -c**3 - 3*c**2 + 2*c + 6. Let x be t(-3). Suppose -4*h + 5 = -3*p + 6, 3*h + 2*p - n = x. List the prime factors of h.
2
Let j = -20 - -14. Let f(w) = -2*w - 18. Let m be f(j). Let o(y) = 2*y**